t k be n(5). Give m(k).
-13
Let x be 2 + 0 - (-96)/(-4). Let g = x + 19. Let i(q) = -9*q - 5*q + 6*q + 6*q - 2 - q**2. What is i(g)?
-5
Let u(f) = 24*f - 135774 + 135783 - 9*f**2 + 10*f. What is u(4)?
1
Let s(f) = f**3 - 14*f**2 - 32*f - 32. Let p be (6/(-5) - (-11 - (-295)/25))*-8. Calculate s(p).
-32
Let z(s) = 7*s + 3. Let w(d) = -d**3 + 52*d**2 - 147*d + 4. Let m be w(49). Give z(m).
31
Let m be (-4)/(1/1 - 2). Suppose -4*o - 6*n - 16 = -2*n, -m*o - 25 = n. Let w(q) = 3*q - 10*q + 10 + q + 8*q + q**3 + 7*q + 8*q**2. Calculate w(o).
-4
Suppose 0 = -2*a - 3*a - 20. Let b(c) = -c**3 - 2*c**2 + 3*c - 1. Suppose -3 = -8*n + 5*n. Let x(d) = -d**2 - d + 1. Let q(y) = n*b(y) + 2*x(y). What is q(a)?
-3
Let i(o) = 336*o - 5. Let r be i(0). Let t(n) = -n**3 - n**2 + 11*n + 1. Give t(r).
46
Let t = 178 + -336. Let j = t + 157. Let l(p) = 12*p + 1. Determine l(j).
-11
Let m(j) = -4*j**2 + j - 14. Let v(g) = 4*g**2 + 7*g + 14. Let u(h) = -2*m(h) - 3*v(h). Determine u(-5).
1
Let h(y) = -y**2 + 6*y - 7. Let w(g) be the first derivative of g**4/4 + 19*g**3/3 - 25*g**2/2 - 29*g + 26. Let a be w(-20). Let j = -65 + a. What is h(j)?
-7
Let n(w) = 5*w - w**2 + 8*w - 5 - 14*w + 5*w. Suppose -o = -5*q - 11 + 37, -14 = -3*q - o. Calculate n(q).
-10
Suppose 1 = 2*l - 9. Let o(n) be the first derivative of n**4/12 - n**3 + 5*n**2/2 + 8*n - 386. Let m(y) be the first derivative of o(y). Determine m(l).
0
Let r(p) = -2*p**3 + 3*p**3 - 4 + 3. Suppose 9 = -v + 5*d, 0 = -5*d + 12 - 2. Suppose -3*k + 4*a = -18, -4 = 5*k + 5*a + v. Give r(k).
7
Let s be 79 - 20/(-1 - -5). Let d(a) = -34*a + 1 + s*a - 3*a**2 + 4*a**2 - 39*a. What is d(5)?
31
Suppose -6*x + 60 = -x. Suppose x = -21*z + 27*z. Let w(l) = -2*l**3. What is w(z)?
-16
Let b(y) = 2*y + 50621 + y - 50577. Determine b(-11).
11
Let n(j) = -j**3 - 23. Suppose 3*w + 7 = -x - 2, w = 5*x - 19. Let b(m) = m**2 - 5*m + 6. Let s be b(x). Give n(s).
-23
Let z(d) = 3*d**3 + 53*d**2 - 31*d - 244. Let j be z(-18). Let w(f) be the second derivative of f**3/3 + 12*f**2 - f. What is w(j)?
4
Let h(f) = -f**3 + 7*f**2 - f + 9. Let m(q) = -95*q**2 + 1236*q - 7. Let k be m(13). Determine h(k).
39
Let m(v) = 11*v**3 + 28*v**2 + 10*v + 180. Let x(h) = -7*h**3 - 19*h**2 - 7*h - 119. Let i(p) = 5*m(p) + 8*x(p). Calculate i(-12).
20
Let r(b) = -5*b**2 + 2*b + 2. Let m(x) = -x**2 + 18*x - 70. Let a be m(6). Calculate r(a).
-14
Let b(y) be the first derivative of -y**2/2 + 13*y - 97. Suppose 5*m + 4 = 4*k, -4*m - k + 5*k = 4. Suppose -8*c + 9*c = m. What is b(c)?
13
Let h(l) be the third derivative of -l**5/60 - l**4/6 + 2*l**3/3 + 2*l**2. Suppose -30*v + 5200 + 5252 = 10392. Calculate h(v).
-8
Let x(p) be the third derivative of 7*p**4/12 - p**3/2 + 7*p**2. Let d = -279 + 281. Determine x(d).
25
Let n(v) = -5 - 51*v + 2812*v**2 - 5595*v**2 + 2787*v**2. What is n(13)?
8
Let j(c) be the second derivative of c**3/6 - 3*c**2 - 23*c. Let l(x) = -x - 12. Suppose -3*m + 0*z + 3*z - 3 = 0, -m - 4*z - 21 = 0. Let r be l(m). Give j(r).
-13
Let d(i) = 2*i**3 + 4*i + 7. Let g(m) = -8*m**3 - 17*m - 29. Let k(x) = -25*d(x) - 6*g(x). Let o be 4*-2 - (-2)/2. Let v = o + 8. Give k(v).
-1
Let k(z) = -172*z**2 + 82*z**2 - 31 - 14*z + 89*z**2. Let b be k(-11). Let c(p) = -406*p**2 + 203*p**b + 206*p**2 - p - p**3 - 2. What is c(2)?
0
Let v(x) = -2*x - 15. Let s = 7862 + -7858. Calculate v(s).
-23
Let h = -59 - -110. Let u(v) = -6*v**3 - 103 - v + h + 51. Let b = -1 + 0. Determine u(b).
6
Suppose -23 = 3*u + 64. Let g(o) = 2*o**2 + 2*o + 12. Let s be g(-4). Let z = s + u. Let y(i) = i**2 - 5*i - 10. What is y(z)?
4
Let k(z) = 3*z**3 + z**2 + 3*z + 27. Let n(w) = -10*w**3 - 2*w**2 - 10*w - 84. Let s(r) = -13*k(r) - 4*n(r). Calculate s(5).
-10
Let t(d) be the second derivative of 0 - 1/6*d**3 + d**2 + 9*d. Let f = 0 - 6. What is t(f)?
8
Suppose 3913 = -236*l + 145*l. Let q(z) = -z**2 - 36*z + 315. What is q(l)?
14
Let i(k) = 2537*k**2 - 2*k - 12*k**3 - 2527*k**2 + 13*k**3 - 105. Determine i(-9).
-6
Let l = 3572 - 3573. Let m(n) be the second derivative of 0*n**2 + 0*n**3 + 0 - 7/20*n**5 + 0*n**4 + 2*n. Calculate m(l).
7
Let q = -90 + 88. Let s be (-2)/(-3 + 3/3). Let g(b) = -6*b - 5. Let v(f) = f + 1. Let z(u) = s*g(u) + 3*v(u). Give z(q).
4
Suppose 15*c = 12*c + 132. Let s(t) = c - 49 + 0*t + t**2 + 2*t. Let w = -813 - -809. What is s(w)?
3
Suppose -125*b + 131*b - 60 = 0. Let g(r) = 3*r + 6 - b - 19*r**2 + 21*r**2. Determine g(-3).
5
Let w(s) = 4*s - 4. Let n be w(1). Suppose -5*a + 29 - 19 = n. Let j(u) = -7*u - 3*u - 8 + u**3 + u**a + 6*u**2. Calculate j(-8).
8
Let i(m) be the first derivative of 9*m**2/2 - 45*m + 1569. Give i(6).
9
Let b(v) be the first derivative of v**3/3 - 7. Let j(a) = -a**3 + 4*a**2 - 5*a - 7. Let p(w) = 3*b(w) + j(w). Let q = -32 + 38. Calculate p(q).
-1
Let r(x) = 135*x + 807. Let f be r(-6). Let l(u) = u**3 + 2*u**2 + 5*u + 9. What is l(f)?
-15
Let t be 16/(2 - -2) - 3. Suppose -2*a = -5*d + a - t, -4*d = -4*a + 4. Let n(b) = -d - 38*b**3 + 33*b**3 + 0*b**2 + b**2. What is n(-1)?
5
Let s(c) be the third derivative of c**6/120 - 3*c**5/10 + c**4/6 + c**3/3 - 8*c**2 + 438*c. Determine s(18).
74
Let c(o) = o**2 + 61*o - 1. Let i be c(-61). Let x(q) = 9*q**3 + 2*q**2 + 2*q + 1. Calculate x(i).
-8
Let b(y) = -5*y + 1. Suppose 5*m - 32 = l, -m = l - 2 - 2. Let v be 8 - 132/14 - m/(-14). What is b(v)?
6
Let f = 629 + -625. Let v(m) = -6*m + 6. Calculate v(f).
-18
Let r(c) be the first derivative of -32*c**3/3 + 7*c**2/2 - 2*c - 4652. Calculate r(2).
-116
Let w be (16/(-6))/(13 - (-812)/(-63)). Let z(c) = -c**2 - 20*c + 91. Calculate z(w).
-5
Let u(a) = 2*a**3 + a**2 + 2*a - 12. Suppose -109*m + 29*m = -42*m. Give u(m).
-12
Let i(l) be the second derivative of 13*l**3/2 - 355*l**2/2 - 5659*l. What is i(9)?
-4
Let y(s) = s + s + 3 - 1 + 3 - s**3 + 3*s**2. Let t = -4832 - -4836. Calculate y(t).
-3
Let v be (81/(-12))/((-6)/16). Let z(c) = -c + 20. Let k be z(v). Let p(h) = 5*h**3 - h**2 + h - 2. Determine p(k).
36
Let n(h) = h**3 + 8*h**2 + 5*h + 10. Let c = 2401 - 2407. Determine n(c).
52
Let b(t) = -5*t**3 - 9*t**2 + 5. Let o(j) = 6*j**3 + 10*j**2 - j - 5. Let r(l) = 5*b(l) + 4*o(l). Suppose -56*z + 59*z = 3*w - 3, 3*z = 17*w + 53. Give r(w).
5
Let l(k) = 3*k**3 + 20*k + 18. Let x(h) = h**3 + 7*h + 6. Let q(u) = 6*l(u) - 17*x(u). Let b be -2*(1 - 0)*(-4)/2. Let i be 5 + b + -7 + 3 + -5. Give q(i).
6
Let t(i) = 25*i**3 + 5*i**2 + 38*i - 13. Let d(j) = -7*j**3 - 3*j**2 + 1. Let o(h) = -4*d(h) - t(h). What is o(-5)?
-1
Let o(j) = j**2 - j + 1. Let f(g) = 2*g - 11. Let d be f(3). Suppose 43 = -4*i + 11. Let u = d - i. Calculate o(u).
7
Let f(l) = l**2 - 64*l + 663. Let p be f(51). Let s(o) = 2*o - 40. Determine s(p).
-40
Let q(m) be the second derivative of -10*m + 0 + 1/6*m**3 + 11/2*m**2. Suppose 8 = -2*w, 2*o + 4*w = -42 + 6. Determine q(o).
1
Let r = -117 + 143. Let t(o) = 5 - r + 2 - 2*o + 11. Give t(-6).
4
Suppose 0 = w - 4*w. Let k(u) = w - 5*u**2 + 1 + 2 - u + u**3. Let s(o) = o**2 - 1768*o + 5300. Let f be s(3). What is k(f)?
-2
Let a(p) = -p + 3. Let b(n) = 2*n + 32. Suppose -4 - 2 = d. Let i be (8/12)/(d/117). Let s be b(i). Calculate a(s).
-3
Let c(w) = -7*w**3 + 12314*w**2 + 6*w**3 + 22 - 12296*w**2 - w. What is c(18)?
4
Suppose 4*j - 34 = 2*b, -5*j = -2*b - 66 + 26. Let q(r) = r - 14. Determine q(b).
-19
Let u(m) = -m**2 + 9*m + 1. Suppose -2*r + 3*w - 4 = 9, -w = 4*r - 9. Let n be 4*(3 + 0 + -2)*r. Let x be (-10)/5 + n - -8. Give u(x).
-9
Suppose 2*j + 5*t - 26 = -0*j, 3*j = -4*t + 53. Let o = j + -23. Let u be 6*(o - (-3)/6). Let d(x) = -x**2 + 3*x + 4. What is d(u)?
4
Let u(c) = -c**3 - 33*c**2 + 2*c + 76. Suppose 2*t = 884 - 950. Determine u(t).
10
Let w(g) = -20*g + 3. Let n(d) = -99*d + 17. Let k(f) = 2*n(f) - 11*w(f). What is k(-1)?
-21
Suppose 23 = 3*f + 26. Let o(j) = 3*j**3 - 2*j - 3. Let r be o(f). Let y be (3 + -5)/(r/(-6)). Let i(b) = -b - 3. Calculate i(y).
0
Let j(r) = -r**2 + 4*r + 8. Let w = -687 - -681. Let v(g) = -g**2 + 4*g + 66. Let f be v(w). What is j(f)?
-4
Let z(q) be the third derivative of 0 + 0*q + 1/24*q**4 + 0*q**3 - q**2 + 1/120*q**6 + 0*q**5. Let j = 159 - 158. Give z(j).
2
Suppose 5*o = -4*n + 9, 2*o + n + n - 4 = 0. Let a(k) = -5*k**2 - 5*k - 3. Let i(c) = -2*c - c + 7*c + 5*c**2 + 2. Let r(m)